 + -15610?
-112045
In base 6, what is -1511225041 + 22?
-1511225015
In base 14, what is -1434 - 373?
-17a7
In base 2, what is 10110000110110100 - 101100?
10110000110001000
In base 4, what is 2 + 2012013231213?
2012013231221
In base 10, what is 407950 + -23?
407927
In base 9, what is -2 + 35733680?
35733677
In base 15, what is 1be - 1b2388?
-1b21b9
In base 11, what is 22 + -1404a1?
-14047a
In base 7, what is 2145 - 16211?
-14033
In base 7, what is 66003042 + 2?
66003044
In base 13, what is 17875 - -268?
17b10
In base 9, what is -4801557 - -16?
-4801541
In base 6, what is 2431051 - 215?
2430432
In base 12, what is 655a - 185?
6395
In base 9, what is -4060116 - 1?
-4060117
In base 6, what is 2 - -3341222303?
3341222305
In base 16, what is d + e072f?
e073c
In base 5, what is -213320133 - -2?
-213320131
In base 8, what is -11464516 - -2?
-11464514
In base 13, what is -1010a3 + -9b?
-101171
In base 2, what is 11111100 - 100110101000100100000?
-100110101000000100100
In base 14, what is -2 + -23d4d7?
-23d4d9
In base 7, what is -14310265 + -110?
-14310405
In base 7, what is -16 - 115463?
-115512
In base 10, what is 10835593 - -16?
10835609
In base 7, what is 223 - -153540?
154063
In base 16, what is 54a31 - -2b8?
54ce9
In base 4, what is -20230200331 - 2?
-20230200333
In base 8, what is 251652 + -5142?
244510
In base 10, what is 60 - -1271540?
1271600
In base 12, what is b + 89348?
89357
In base 11, what is 124459 - -157?
124605
In base 11, what is -2 - 2465543?
-2465545
In base 15, what is -e54a + 1a8?
-e392
In base 3, what is 20201 - 10010002111?
-10002211210
In base 11, what is -4 + 55560980?
55560977
In base 15, what is 2 - 23c92a?
-23c928
In base 10, what is -63816 + -12484?
-76300
In base 6, what is -122 - -1214404452?
1214404330
In base 14, what is -1a182c - -5?
-1a1827
In base 13, what is 31438 - 52a?
30c0b
In base 15, what is -1d944ddb + -4?
-1d944de0
In base 2, what is -10011000000000001001 + 100?
-10011000000000000101
In base 13, what is -3c6424 - 2?
-3c6426
In base 4, what is 2010 + -122012312?
-122010302
In base 6, what is -1 - 14443543?
-14443544
In base 10, what is -319 - 468650?
-468969
In base 4, what is -1201 - -13131231001?
13131223200
In base 16, what is 1c2a4 + -61?
1c243
In base 12, what is 0 - 259563?
-259563
In base 8, what is -71464745 + 4?
-71464741
In base 15, what is 31 - 21623?
-215e2
In base 10, what is -4 - -3453338?
3453334
In base 2, what is 11100111110 + 100001100111101?
100101001111011
In base 10, what is -59783 + 1435?
-58348
In base 15, what is -2ca3b + e7?
-2c944
In base 4, what is 12130101 + -10132031?
1332010
In base 3, what is 2200 + 101220012012?
101220021212
In base 12, what is 712b348 + 1?
712b349
In base 7, what is -1133 - -45451?
44315
In base 12, what is -1 - 4745b54b?
-4745b550
In base 2, what is 1101110001101001001100 - 100?
1101110001101001001000
In base 10, what is -873905417 - 0?
-873905417
In base 4, what is -20333 + 2010200?
1323201
In base 14, what is ac1d028 + 5?
ac1d02d
In base 4, what is -101321202120 - 1?
-101321202121
In base 9, what is 5 - -427442701?
427442706
In base 3, what is 2000 - 1221221001111?
-1221220222111
In base 2, what is 11101000 + -1000000010010101?
-111111110101101
In base 13, what is 1b96c + -435?
1b537
In base 6, what is 23535411022 + -3?
23535411015
In base 15, what is -28d7 + -30?
-2917
In base 5, what is 40 + 20101143?
20101233
In base 14, what is 58 - -32cad?
32d27
In base 10, what is -60586 + -2919?
-63505
In base 9, what is 26 - 502208?
-502172
In base 15, what is -17e05 - 8b?
-17e91
In base 10, what is 7273 + 1554?
8827
In base 2, what is 1011100111100 - 10101000111010000?
-10011101010010100
In base 15, what is -3 - -4a509da?
4a509d7
In base 2, what is 110000 + -1000111110011101000110?
-1000111110011100010110
In base 7, what is -230 - 43134015?
-43134245
In base 16, what is -97 + -274aa?
-27541
In base 9, what is -1316 - 111040?
-112356
In base 14, what is -2 - -24b690c9?
24b690c7
In base 4, what is 31202111221 + -223?
31202110332
In base 11, what is 3 + -68a1a0?
-68a198
In base 8, what is -5 - -256113376?
256113371
In base 4, what is 221 - -221111103?
221111330
In base 4, what is 13322 + 300301102?
300321030
In base 3, what is 120200 + 1212011102?
1212202002
In base 15, what is -8c8d + 268?
-8a25
In base 11, what is -486635 + -152?
-486787
In base 11, what is -386644 - 334?
-386978
In base 5, what is 2304 - -2411312?
2414121
In base 2, what is 110100111011000010 - -100110111110?
110101100010000000
In base 16, what is -1e50 + 946d?
761d
In base 14, what is -a7d0 - -654?
-a17a
In base 12, what is a108 - 13b81?
-5a75
In base 6, what is -511520032 - -1?
-511520031
In base 2, what is -111111111001000111 + -11101001?
-111111111100110000
In base 5, what is -1011 + 124323102?
124322041
In base 6, what is -100404254 - 2512?
-100411210
In base 9, what is 24222 - 12368?
11743
In base 7, what is -160024246 - -5?
-160024241
In base 2, what is -111101010 + -110001111101100111101?
-110001111110100100111
In base 12, what is -396 - -682b?
6455
In base 2, what is 10011000110011111110110000 - -1100?
10011000110011111110111100
In base 12, what is 3 - 12a7a93?
-12a7a90
In base 8, what is 5015277 + -11?
5015266
In base 2, what is -1 + 10000100100101000001000011011?
10000100100101000001000011010
In base 9, what is 7 + 4057768?
4057776
In base 4, what is 1002203000111 + 23?
1002203000200
In base 14, what is -a4 + 1c83c?
1c778
In base 12, what is 19bb2a27 - 5?
19bb2a22
In base 7, what is -34 + 1316456?
1316422
In base 14, what is -1bca8 + -679b?
-24665
In base 13, what is 855917 + 1?
855918
In base 16, what is -8141 - -73f?
-7a02
In base 14, what is -da7 - -1895?
8cc
In base 12, what is 611 + -3581?
-2b70
In base 7, what is -44614554 + 5?
-44614546
In base 16, what is 322514 + -4?
322510
In base 11, what is 2 + -3111970?
-3111969
In base 4, what is -22131131023012 + 2?
-22131131023010
In base 14, what is 30dd239 - 3?
30dd236
In base 15, what is 1c93bc2 + -5?
1c93bbc
In base 10, what is 0 + 19098528?
19098528
In base 16, what is 3f13 + -22f?
3ce4
In base 7, what is 22630602 - -163?
22631065
In base 7, what is -512560 - -25?
-512532
In base 12, what is 3573b7 + -89?
35732a
In base 14, what is -45953 + a?
-45947
In base 10, what is -4 - -8521212?
8521208
In base 8, what is -176571524 + 3?
-176571521
In base 2, what is 1 - -110101111001011111?
110101111001100000
In base 12, what is 1208b + -1903?
10388
In base 4, what is 322101310323 + -3?
322101310320
In base 13, what is -413b769 - 2?
-413b76b
In base 4, what is 31110 + 213110201?
213201311
In base 5, what is 11 + 14202110213?
14202110224
In base 16, what is -24 + 76889?
76865
In base 5, what is -2 - -13011222304?
13011222302
In base 4, what is 1311002121223 + 30?
1311002121313
In base 16, what is -506 - -badc5?
ba8bf
In base 12, what is -1 - -129b175?
129b174
In base 6, what is 1011012 + 200?
1011212
In base 12, what is -8479856 - -13?
-8479843
In base 12, what is 5 + -789680?
-789677
In base 12, what is 6b15828 - -8?
6b15834
In base 15, what is 11 - -5ed34?
5ed45
In base 9, what is -3 - -118708143?
118708140
In base 8, what is 552162 - 5607?
544353
In base 2, what is 1101111000001110010 + 10010100?
1101111000100000110
In base 3, what is 1010 - -12021222200011?
12021222201021
In base 7, what is -1020161 - 351?
-1020542
In base 2, what is 10101001000000111110 - -10110?
10101001000001010100
In base 12, what is -3 - 2923b618?
-2923b61b
In base 12, what is 11 - 277a7?
-27796
In base 4, what is 13 + 1022303133100?
1022303133113
In base 13, what is 4486 + 178?
4631
In base 9, what is 875 + 10?
885
In base 10, what is 5 + 29597?
29602
In base 16, what is 2f806 + -b2?
2f754
In base 14, what is -197959c8 + 4?
-197959c4
In base 8, what is -6 - 43263330?
-43263336
In base 12, what is 4 - -5a049b9?
5a04a01
In base 16, what is -1a07 + -64fe?
-7f05
In base 4, what is -2312203111 + -1000?
-2312210111
In base 8, what is -15235 - -2011?
-13224
In base 15, what is -6138b2 + 5?
-6138ac
In base 7, what is 346525 - 4341?
342154
In base 3, what is 2001 - -222121100000?
222121102001
In base 7, what is 1251 + -4100132?
-4065551
In base 15, what is -a8d27 + 153?
-a8bc4
In base 15, what is c81db - 1d7?
c8004
In base 14, what is -1 + -1b59c78?
-1b59c79
In base 7, w